3 = g + 3*w, g + 0*w - 5*w = -5. Let k(s) be the third derivative of 1/6*s**4 + 1/60*s**5 + g*s**3 - 2*s**2 + 0 + 0*s. Calculate k(-4).
0
Let w be (-2)/(-2) + (-11)/1. Let g = 12 + w. Let z(u) = 0*u - u**g + u - 3*u + u - 2*u**3. Give z(-1).
2
Suppose 1 = -r + 4*v, -3*r - 25*v + 15 = -28*v. Let l(p) = -7*p**2 + 4*p - 1. Let o(a) = -a**2 - a. Let m(g) = -l(g) + 6*o(g). Determine m(r).
-20
Let u(x) = 5*x**3 - 3*x**2 - 7*x - 1. Let c(s) = 17*s**3 - 9*s**2 - 24*s - 3. Let w(r) = 2*c(r) - 7*u(r). Calculate w(4).
-11
Let m = 1365/2 - 682. Let d(u) be the second derivative of 1/20*u**5 + 0*u**3 - m*u**2 + 0*u**4 + 8*u + 0. Calculate d(0).
-1
Let t = 0 + 0. Let k(v) be the first derivative of v**2/2 + 19*v - 1. What is k(t)?
19
Let j be 94/30 + (-4)/30. Let z(i) = 1 - 532*i - i**j - 7*i**2 + 532*i. What is z(-7)?
1
Let l(t) = -3*t. Suppose 0 = -h - h. Suppose 5*o + 2*r + 17 = -h*o, -2*r = -5*o - 13. Determine l(o).
9
Let n(o) be the third derivative of 0*o + 44*o**2 + 0*o**3 + 0 - 11/12*o**4. Give n(-1).
22
Let p = -1451 - -1461. Let w(j) = j**3 - 8*j**2 - 21*j + 13. Calculate w(p).
3
Let i(l) be the second derivative of -l**3/3 + 3*l**2 + 4*l. What is i(4)?
-2
Let n(i) = i + 2. Suppose 20 = 47*f - 43*f. Determine n(f).
7
Let l(a) = -5*a + 685 + 692 - 1374. Let x be 18/4*2/3. Determine l(x).
-12
Let b(r) = -r - 8. Let o be (-150)/105 + 4/(-7). Determine b(o).
-6
Let u be ((-39)/(-9))/(0 - 1/3). Let c(p) = p**2 + 11*p - 32. Calculate c(u).
-6
Let y(b) be the third derivative of b**8/20160 + b**7/720 + b**6/180 + b**5/30 - 7*b**2. Let k(i) be the third derivative of y(i). What is k(-7)?
4
Let h(j) = -3*j + 7. Let m(x) = -8*x + 42. Let r(a) = 5*a - 28. Suppose 9*l - 7*l = 10. Let f(c) = l*m(c) + 7*r(c). Let i(b) = -4*f(b) + 7*h(b). Calculate i(5).
-12
Let l(w) = w**2 + 8*w + 3. Suppose 9 = 4*c - 3. Suppose -8 = c*x + 4*a, -3*x = 2*x - 4*a + 56. Calculate l(x).
3
Let x(y) = -2*y - 7. Let n(r) = -2*r - 8. Let h(i) = -4*n(i) + 5*x(i). Suppose 8*d - 5*d - 3 = 0. Suppose 3*v - d = -13. Calculate h(v).
5
Let t(q) = 2*q**3 + 2*q**2 + 3*q - 1. Suppose b - f = -4, 37 - 43 = 2*b - f. Give t(b).
-15
Let v(l) = -l**2 - 6*l - 4. Suppose -2*n - 12 = -6*n. Suppose -2*q = -8, n*t - 5*q + 28 = 2*t. Let k = 4 + t. Calculate v(k).
4
Let d = -496 + 488. Let z(a) = -3*a - 26. Give z(d).
-2
Suppose -4*o - n + 17 = 0, -3*n = -3 + 12. Let p(y) = -3*y**2 + 8 + 4*y**2 - o*y - 2*y**2. What is p(-6)?
2
Let l(g) = g**2 + 8*g. Let x = 21 - 18. Suppose -2*c + 6 = 2*y, -y - 2 = -x*y. Suppose -r - 5 = c. Determine l(r).
-7
Let t(q) be the second derivative of -q**3/6 - 33*q**2/2 + 922*q. Give t(-28).
-5
Let q(t) be the third derivative of t**4/12 - t**3 - t**2. Suppose -3*l + 22 = 2*w, 26*w - 14 = 24*w - l. What is q(w)?
4
Let g(c) = -c**3 - 3*c**2 + 4*c - 4. Suppose 2*b + 13 + 13 = 0. Let q = b + 9. Calculate g(q).
-4
Let x(i) = 8*i - 8*i**2 + 0*i - 5 + 2 + i**3. Suppose -c + 5 + 12 = 3*a, -a + 3*c = -19. Calculate x(a).
4
Suppose -8*y + 9*y = 12. Let l(a) = -a + 13. Give l(y).
1
Suppose -169 = -3*f - 178. Let r(m) = m - 1. Let b(x) = x**2 + 9. Let v(y) = b(y) + 6*r(y). Calculate v(f).
-6
Let b(f) = f**2 - 9*f + 10. Suppose 4*i + 58 - 189 = 3*g, 4*i + 5*g = 123. Let p = i - 25. What is b(p)?
-4
Let f(c) = 3*c + 1. Let i be (0 + 4)*(21/(-12) - -2). What is f(i)?
4
Let r(y) be the third derivative of 11/6*y**3 + 0 + 34*y**2 + 1/24*y**4 + 0*y. Determine r(-13).
-2
Let b(m) = -m**3 + 4*m**2 + m - 5. Suppose 39*u - 32*u = 42. Suppose p = -0*p + 6. Suppose 2*f + p = i, 0 = -4*i + f - u + 23. Determine b(i).
-1
Let x(g) = 34*g + g**2 + 28 + 3*g**2 - 8*g + 9. Let l(z) = z**2 + 6*z + 9. Let n(o) = 9*l(o) - 2*x(o). Determine n(-5).
22
Let z(q) = q + 4. Let i = 475 + -478. Calculate z(i).
1
Let c(d) = -3*d - 7. Let q be (-15 - -15)/(-2 + 1). Suppose q = y - 2*y - 5. Calculate c(y).
8
Let o(z) = 3*z + 3. Let s(m) = 1. Let a(i) = o(i) - 6*s(i). Give a(-6).
-21
Let t(a) = 2*a + 9. Let z = 617 - 625. Give t(z).
-7
Let z(r) = 1 + 3*r + 5*r - 2 - 11*r. Let t be 3/(-5)*(-75)/15. Calculate z(t).
-10
Suppose -2*i = i - u - 1, i - 2*u + 3 = 0. Let y be i*-4 - 814/(-22). Let z(a) = -2*a + 0*a + y - 37. Calculate z(-6).
8
Suppose 371 = 2*u + 367. Let k(d) = -2*d**2 - d - 2. What is k(u)?
-12
Suppose r + 9 = -3. Let c = r + 6. Let f(d) = -d**2 - 7*d - 4. What is f(c)?
2
Let j(r) = 5*r + 7. Suppose -3*z = l + 11, -9*l - 2*z - 29 = -4*l. What is j(l)?
-18
Let f(z) be the first derivative of 5*z**2/2 - 6*z - 77. Determine f(4).
14
Let i(w) = -5*w - 9. Let c(f) = 15*f + 27. Let a(y) = -6*c(y) - 17*i(y). Calculate a(-9).
36
Let t(c) = -c + 4. Let y be ((-6)/12)/(1/(-4)). Suppose -y*w - w = 0. Let d be (0/1)/(1 - w). Determine t(d).
4
Suppose -68 = -5*i - 73. Let c(f) = -11*f. Calculate c(i).
11
Let z(m) = -2*m**2 + 8*m - 7. Let j = -625 - -632. Determine z(j).
-49
Let j(n) = -n - 18. Let z(a) = 2*a + 36. Let l(h) = 7*j(h) + 3*z(h). Suppose 20 = 5*v - 4*x, x + 3 = -2. What is l(v)?
-18
Suppose 0 = 4*i - 5*u + 75, 6 = 5*i + 5*u + 66. Let g(m) = -m**3 - 14*m**2 + 14*m - 17. What is g(i)?
-2
Let o(l) = l**2 - 3*l - 3. Let y(k) be the third derivative of -k**5/60 - k**4/3 - 2*k**3/3 + 5*k**2. Let s be y(-7). What is o(s)?
-3
Let g(j) = j + 21. Let y(n) = 2*n + 1. Let d(m) = -g(m) - 3*y(m). Let t be d(-3). Let s(c) = -c**3 - 3*c**2 + 3*c - 2. What is s(t)?
-11
Suppose 848 = -0*t - 8*t. Let c = -104 - t. Let z(k) = -2*k**3 + 3*k**2 - 2*k + 1. Give z(c).
-7
Let t(z) = -z - 2. Let l(q) = q**3 - 9*q**2 + 8*q + 6. Let o be (-1 + -6)*52/(-91). Suppose o*d - 23 = 9. Let y be l(d). Calculate t(y).
-8
Suppose 4*l + 10 = 9*l. Let z be l/(-10) + -2 + (-42)/15. Let j(p) = -p**3 - 4*p**2 + 4*p - 4. Calculate j(z).
1
Let x(v) be the second derivative of v**7/2520 - v**6/80 + v**5/15 + 5*v**4/3 + 24*v. Let k(q) be the third derivative of x(q). Give k(7).
-6
Let w(b) = b**2 + 8*b + 12. Let a be w(-8). Suppose -4*k + 25 = 3*f, -4*k - 2 = -2*f - a. Let u(s) = 4 + 0*s - 2 - f*s. What is u(3)?
-7
Let x(v) be the second derivative of v**5/20 - 3*v**4/4 + 5*v**3/6 - 9*v**2/2 + 74*v. Calculate x(8).
-33
Let h(a) = -7 - 9 - 3*a**2 + 158*a - 159*a - 1 + 4*a**2. What is h(5)?
3
Let n(d) = 5*d + 3. Let y(k) = 5*k + 9. Let p(u) = -u - 2. Let s(v) = -9*p(v) - 2*y(v). Let t(m) = n(m) + 4*s(m). Calculate t(-5).
-2
Let h(l) = l**3 - 7*l**2 + 2*l - 11. Let q(u) = 9*u + 43. Let d be q(-4). What is h(d)?
3
Let t(d) = -4 - 12 + 2 - 21 - 2 - 8*d. Calculate t(-5).
3
Let u(g) be the second derivative of g**4/12 + 11*g**3/6 - g**2/2 - 9*g + 17. Calculate u(-8).
-25
Suppose 0 = 2*f + 2*f + 12. Let x(b) = 7*b**2 + 10*b - 1. Let z(h) = -5*h + 3 - 3 - 4*h**2. Let j(a) = f*x(a) - 5*z(a). Determine j(-5).
3
Let l(g) = 0*g + g - 8*g. Let h(x) = x. Let u(i) = -6*h(i) - l(i). Suppose 0 = -7*v + 3*v - 32. What is u(v)?
-8
Let a(c) = -7*c - 22. Let f be a(-3). Let g(u) = -4*u**3 + 0*u - u - 3*u**3 - u**3. Give g(f).
9
Let h be (-71)/24 - (-51 + 48). Let t(o) be the third derivative of 3*o**2 + 0 + h*o**4 + 0*o + 2/3*o**3. What is t(-6)?
-2
Let w(j) = 11*j - 6 + 6. Let v(z) = -z + 6*z + 3*z - z. Let m(g) = 8*v(g) - 5*w(g). What is m(-2)?
-2
Let g(b) = -9*b**3 - 2*b**2 + 4*b + 4. Let p(a) be the third derivative of a**6/120 + a**5/60 - a**4/24 - a**3/6 + a**2. Let v(h) = g(h) + 3*p(h). Give v(-1).
7
Let y(i) = i**3 - 7*i**2 + 10. Let k be y(7). Suppose -m + k = -3*m - 4*n, -3*n - 15 = -m. Suppose -19 = -m*w - 1. Let t(r) = -r + 3. Calculate t(w).
-3
Suppose b + 1 = -0. Let c(x) be the third derivative of x**6/120 + 65*x**3/6 + 5*x**2. Let s(n) be the first derivative of c(n). Calculate s(b).
3
Suppose -a = 4*r + 8, -4*r - r - 10 = 4*a. Let x(v) = 3*v**2 - v - 2. What is x(r)?
12
Let l(w) = -w**2 - 2. Let j = 20 - 5. Suppose -13*b + 16*b - j = 0. Suppose -7 - 13 = -p - 5*i, -b*p + 8 = 2*i. Calculate l(p).
-2
Let p(c) = -c**2 + 6*c - 3. Let y(m) = 4*m**2 - 5*m + 8. Let k be y(2). Suppose 3*b - 16 - 8 = 3*x, b - k = 3*x. Give p(b).
2
Let x(y) = 2*y + 19. Let b be x(-11). Let c(z) be the second derivative of z**3/2 + z**2 + 3*z. What is c(b)?
-7
Suppose -q = a - 2, 5*q - 3*a - 6 - 36 = 0. Let w(v) = -2*v + 6. What is w(q)?
-6
Let b(s) = -8*s + 6. Let a be ((-342)/36 - -12)*(-16)/(-5). Determine b(a).
-58
Suppose 25 = -3*m + o, 6*m - 5*m + 25 = -3*o. Let q be m/15 + (-42)